prime factors of y(d).
2, 17
Suppose 2*a - 5*f = 9881, 7*a - 13*f - 34633 = -12*f. List the prime factors of a.
2, 1237
Let h(m) = -m**3 - 21*m**2 + 22*m + 4. Let k be h(-22). Suppose k*q + 4*x = 3*q - 308, 0 = -5*q - 3*x - 1591. What are the prime factors of 1/(-3 - 962/q)?
2, 5
Let z(h) = 73*h**2 + 27*h + 1001. What are the prime factors of z(-22)?
3, 11, 19
Let x = 61 + -55. Suppose 61*p = 64*p - x. List the prime factors of (2/8*p)/((-1)/(-212)).
2, 53
Let l(m) = 3*m**2 - 104*m + 791. What are the prime factors of l(7)?
2, 3, 5, 7
Suppose -4*b = -3*j - 0*j - 125, 5*j = 2*b - 59. Suppose -b = -4*h + 164. Let u = h + 24. What are the prime factors of u?
73
Suppose 2*x + 7*x - 27 = 0. Suppose -24 - 27 = -x*o. What are the prime factors of ((-23)/(-4))/(o/204)?
3, 23
Let z(q) = -q**3 + 6*q**2 + 11*q + 6. Let n = -21 + 25. Suppose 0*h - h + 16 = n*m, -2*h = 8. What are the prime factors of z(m)?
2, 43
Let w = -79 + 140. Suppose 280 = 11*l + 3*l. Suppose -l - w = -9*a. What are the prime factors of a?
3
Suppose -64 + 0 = -4*m. Let h(b) = -b**3 + m*b**2 + 2*b - 4 + b - 14*b**2. What are the prime factors of h(-4)?
2, 5
Let d(v) be the third derivative of -71/24*v**4 - 16*v**2 - 2/3*v**3 + 0*v + 0. List the prime factors of d(-2).
2, 3, 23
Let p = 568 + -552. Let n be ((-70)/4)/((-2)/4). Let j = n - p. What are the prime factors of j?
19
Suppose 334 + 548 = 21*u. Suppose -u*d = -46*d - 5*l + 1755, -3*d - 2*l = -1325. List the prime factors of d.
5, 89
Let d be 60/9*45/(-6). Let s = d - -45. What are the prime factors of (-2)/s + 0 - 1224/(-40)?
31
Suppose 10*f - 38*f = -37*f + 308736. What are the prime factors of f?
2, 67
List the prime factors of (-24)/(-492) - 190230/(-205).
2, 29
Let i(l) = l - 3*l - 10 + 0*l. Let o be i(10). What are the prime factors of (o/12)/(2/(-132))?
3, 5, 11
What are the prime factors of (1 + (-743)/(-2))*(-960)/(-150)?
2, 149
Suppose -q - 11 = 5*b + 4, b = 4*q - 3. What are the prime factors of 139 - -6 - (2 + b)?
2, 73
Suppose -5*l + z = -65712, 2*l - 3*z - 9781 = 16509. What are the prime factors of l?
2, 6571
Suppose 0*f = -f - 2*i + 9, 24 = 5*f + 3*i. Suppose 3*z = -5*o + 544, -3*o + 223 = -o + f*z. List the prime factors of o.
107
Let g be ((-2439)/81 - 4) + (-1)/(-9). List the prime factors of (1170/(-12))/15*g.
13, 17
List the prime factors of (12 - 351/26)*(-106120)/12.
5, 7, 379
Let q = 51 - 56. Let b = q + 5. Suppose b = -21*w + 10*w + 693. What are the prime factors of w?
3, 7
Let k(s) = -2444*s + 1867. List the prime factors of k(-10).
3, 37, 79
Suppose 3*f - 6 = -0*f. Suppose 1 + f = -h, t - 29 = 2*h. Suppose -16*a = -15*a - t. List the prime factors of a.
23
Suppose 13*r + 5*r + 47208 - 356070 = 0. What are the prime factors of r?
17159
Let i be (-175)/(-210) - (-147)/18. Let r(d) = 3*d + 3*d + 6 + 7. What are the prime factors of r(i)?
67
Let n(o) = -o**2 + 12*o - 17. Let t be n(2). List the prime factors of 4 + 710/3 - (-1)/t.
241
Let f(i) be the first derivative of i**3/3 + 5*i**2/2 + 2*i - 16. Let n be f(-6). List the prime factors of 45*(2/n - 145/(-60)).
2, 3, 5
Suppose 2*w - 12831 = 4*k - 3*w, 5*k + w + 16017 = 0. What are the prime factors of 8/16*k/(-6)?
3, 89
Let x be 149 - 1/(-2)*-8. Let s = 95 - x. List the prime factors of (-1)/5 - 1660/s.
3, 11
Let j = 9757 - 3216. What are the prime factors of j?
31, 211
Let j(q) = 60*q**2 + 5*q + 1. Suppose 17 - 38 = -7*r. List the prime factors of j(r).
2, 139
Let z(n) = -n**2 + 5*n + 53. Let c be z(10). List the prime factors of ((-6)/18*c)/((-1)/347).
347
Suppose 4*s + 0*s - 4*x = 11044, s - 2*x - 2759 = 0. Let t = -938 + s. List the prime factors of t.
5, 73
Suppose 0 = -5*q - 171 + 481. Let h be (4/12)/(3/(-486)). Let i = h + q. What are the prime factors of i?
2
Let y(t) = -2*t**3 + 26*t**2 + t - 10. Let u be y(13). Let i be 1/12*u - 4/16. Suppose -5*k + 111 - 31 = i. What are the prime factors of k?
2
Let m be 13617/85 + (-1)/5. Let f(g) = 3*g + 11. Let x be f(-3). Suppose 2*r + m = x*o + 5*r, -o + 80 = -3*r. List the prime factors of o.
2, 5
Suppose -2*m = i - 7427, 4*m - 2*i - 5656 = 9218. List the prime factors of m.
2, 929
Suppose 0 = -5*g + 3*u - 220 - 67, 5*g + 281 = 4*u. Let q = -16 - 95. Let z = g - q. List the prime factors of z.
2, 5
Suppose -48*k + 120233 + 39833 = -96974. What are the prime factors of k?
3, 5, 7, 17
Suppose -3*s - g + 9 = 43, 27 = -4*s - 5*g. Let f = -30 + s. Let v = f - -163. List the prime factors of v.
2, 3, 5
Suppose -4*a + 4228 + 13536 = 0. What are the prime factors of a?
4441
Let b(j) = -92*j + 99. Let q be b(-10). Suppose -14*n = -7255 - q. What are the prime factors of n?
3, 197
Let g(u) = 4*u**2 + 8*u - 6. Let h(p) = -p**3 - 6*p**2 + 4*p + 29. Let i be -2*2*((-1)/(-2) - -1). Let w be h(i). List the prime factors of g(w).
2, 67
Suppose -9*v + 11*v + 1090 = 0. Let a = v - -856. What are the prime factors of a?
311
Let n be 750/(-4)*192/(-8). Suppose 0 = x + 8*x - n. What are the prime factors of x?
2, 5
Let i(k) = -2*k - 36. Let b be i(-17). Let c be (-2)/4 - (1 + 33/b). Let a = 95 - c. What are the prime factors of a?
2, 5
Let k = -8645 - -15733. Suppose k = 32*u - 1840. What are the prime factors of u?
3, 31
Let v(h) = 514*h**2 + 82*h - 928. List the prime factors of v(10).
2, 12823
Let p(w) = -67 - 2*w**2 + 49 + 16*w**2 + 14*w + 9*w - 72. What are the prime factors of p(5)?
3, 5
Suppose -6*x + 12 = 4*g - x, 2*g - 6 = -5*x. Suppose -g*k = 2*q - 7*k - 2016, 4*q - 4028 = 4*k. List the prime factors of q.
2, 503
Suppose 143*v - 484 = 141*v. Let i = v + -90. List the prime factors of i.
2, 19
Let n(s) = 40*s + 14. Let r be n(-35). List the prime factors of (-2)/(r/1374 + 4/4).
229
Let v = 1336 - 840. Let l = 901 - v. What are the prime factors of l?
3, 5
Let i = 89 + -166. Let b be (-5753)/i + (-2)/(-7). Let d = 41 + b. List the prime factors of d.
2, 29
Let s(t) = t**2 + 37*t - 283. What are the prime factors of s(15)?
7, 71
Suppose -1003 = -3*w - 4*m + 1379, -2*w = -5*m - 1565. Suppose -w = -s + l, -2*l + 2657 = 5*s - 1286. List the prime factors of s.
3, 263
Suppose -3*j = -3*x + 30, 0 = 19*j - 23*j - 16. Let k(i) = 10*i**2 + 17*i - 57. List the prime factors of k(x).
3, 5
Let s(k) = 5*k**2 + 153*k + 301. What are the prime factors of s(-42)?
5, 7, 11
Let k be (4/(-3))/(3 + (-11)/3). Let d = 64 + 17. Suppose -d = -k*s + 105. List the prime factors of s.
3, 31
Suppose h + 8555 = -15*s + 11*s, 5*s + 2*h = -10693. Let z = -944 - s. What are the prime factors of z?
5, 239
Suppose -5904 = -9*z + 2232. Let x = z + -638. What are the prime factors of x?
2, 7, 19
Let n be -2 + -7 + 12 + -4. List the prime factors of (n*(-4)/(-6))/(118/(-138591)).
3, 29
Suppose -i - 2*i + 63 = 0. Let t = 29 - i. Let d = 95 - t. What are the prime factors of d?
3, 29
Suppose -110*f + 117*f = 21. Suppose -3*s + 3*o + 1569 = 0, -f*s = 4*o - 701 - 861. What are the prime factors of s?
2, 3, 29
Let d = -94 - -36. Let k = -196 + 101. Let x = d - k. What are the prime factors of x?
37
Suppose -4*y = -6*y + 8. Suppose 4*u + 2*a - 24 = 0, -4*a = y*u + a - 24. What are the prime factors of 5*(u/(-15) - -1)?
3
Let x = -3155 - -6261. List the prime factors of x.
2, 1553
Let h(a) = 207*a**2 + 83*a - 394. What are the prime factors of h(6)?
2, 1889
Suppose -542 = 6*s + 172. What are the prime factors of (-2533)/(-7) + (-17)/s?
2, 181
Let f = 7 + 29. Suppose -2*y = -4*r - f, -2*y + 27 + 9 = 3*r. Let z = 90 + y. What are the prime factors of z?
2, 3
Suppose 1174 = -28*q - 36402. What are the prime factors of (2/4)/((-1)/q)?
11, 61
Let j(k) = -k**3 - 18*k**2 - 18*k - 41. Let b be j(-17). Let q = b + 26. Suppose -q*f - 336 = -3*s, 3*s - 184 = 4*f + 158. What are the prime factors of s?
2, 5, 11
Let y be 122/8 - 60/240. Suppose -21*u = -y*u - 3564. What are the prime factors of u?
2, 3, 11
Let p(h) = 35*h - 20. Let v(t) = 2*t. Let o(r) = p(r) - 2*v(r). Let z be o(9). Suppose 279 = 2*l + z. List the prime factors of l.
2, 5
List the prime factors of -26 + 37050 + (-3 + 7)*1/(-2).
2, 107, 173
Let m(l) = 4*l**2 - 25*l - 3. Let u be m(6). Let w = 296 + u. What are the prime factors of w?
7, 41
Suppose -2*w - 4 = 2*g, -2 = 2*w + 3*g + 3. Let f(k) = 506*k**2 - 2*k - 4. List the prime factors of f(w).
2, 3, 7
Let g(l) = -l**3 + 8*l**2 + 10*l - 7. Suppose 0 